git of 1286?
6
What is the tens digit of 36211?
1
What is the hundreds digit of 411?
4
What is the tens digit of 92245?
4
What is the thousands digit of 1803?
1
What is the units digit of 1963?
3
What is the tens digit of 83487?
8
What is the tens digit of 3405?
0
What is the tens digit of 23415?
1
What is the ten thousands digit of 48525?
4
What is the hundreds digit of 4426?
4
What is the thousands digit of 78201?
8
What is the hundreds digit of 90262?
2
What is the tens digit of 73790?
9
What is the tens digit of 497?
9
What is the units digit of 21127?
7
What is the thousands digit of 6547?
6
What is the tens digit of 117744?
4
What is the hundreds digit of 3614?
6
What is the thousands digit of 61993?
1
What is the thousands digit of 30695?
0
What is the units digit of 3122?
2
What is the tens digit of 38818?
1
What is the tens digit of 13755?
5
What is the hundreds digit of 2159?
1
What is the thousands digit of 2746?
2
What is the hundreds digit of 16883?
8
What is the hundreds digit of 24854?
8
What is the tens digit of 11741?
4
What is the tens digit of 405?
0
What is the hundreds digit of 31220?
2
What is the thousands digit of 8917?
8
What is the units digit of 61545?
5
What is the thousands digit of 41143?
1
What is the tens digit of 69601?
0
What is the tens digit of 508?
0
What is the tens digit of 84?
8
What is the units digit of 4953?
3
What is the tens digit of 10225?
2
What is the thousands digit of 1006?
1
What is the ten thousands digit of 94433?
9
What is the hundreds digit of 2623?
6
What is the tens digit of 2899?
9
What is the hundreds digit of 9569?
5
What is the tens digit of 31691?
9
What is the hundreds digit of 140?
1
What is the hundreds digit of 4417?
4
What is the tens digit of 55969?
6
What is the thousands digit of 18029?
8
What is the thousands digit of 2265?
2
What is the tens digit of 11784?
8
What is the thousands digit of 20888?
0
What is the ten thousands digit of 161668?
6
What is the thousands digit of 2010?
2
What is the tens digit of 3809?
0
What is the hundreds digit of 1173?
1
What is the tens digit of 4909?
0
What is the units digit of 1137?
7
What is the hundreds digit of 79668?
6
What is the units digit of 67722?
2
What is the tens digit of 1695?
9
What is the units digit of 280?
0
What is the units digit of 302?
2
What is the tens digit of 8207?
0
What is the thousands digit of 16052?
6
What is the tens digit of 769?
6
What is the units digit of 5113?
3
What is the hundreds digit of 12826?
8
What is the units digit of 9771?
1
What is the units digit of 650?
0
What is the hundreds digit of 163522?
5
What is the units digit of 191?
1
What is the tens digit of 168?
6
What is the tens digit of 335?
3
What is the tens digit of 663?
6
What is the units digit of 267?
7
What is the tens digit of 29505?
0
What is the ten thousands digit of 11485?
1
What is the tens digit of 626?
2
What is the tens digit of 5208?
0
What is the thousands digit of 17629?
7
What is the thousands digit of 92972?
2
What is the tens digit of 2678?
7
What is the units digit of 174?
4
What is the tens digit of 1202?
0
What is the tens digit of 104109?
0
What is the thousands digit of 2844?
2
What is the hundred thousands digit of 175476?
1
What is the hundreds digit of 725?
7
What is the thousands digit of 38968?
8
What is the units digit of 5320?
0
What is the hundreds digit of 738?
7
What is the hundreds digit of 1480?
4
What is the units digit of 97338?
8
What is the tens digit of 1492?
9
What is the thousands digit of 4341?
4
What is the units digit of 2714?
4
What is the ten thousands digit of 12948?
1
What is the units digit of 5749?
9
What is the thousands digit of 3252?
3
What is the tens digit of 5230?
3
What is the ten thousands digit of 114761?
1
What is the hundreds digit of 107?
1
What is the ten thousands digit of 65386?
6
What is the hundreds digit of 29921?
9
What is the ten thousands digit of 26471?
2
What is the tens digit of 1906?
0
What is the hundreds digit of 10880?
8
What is the thousands digit of 6669?
6
What is the ten thousands digit of 19499?
1
What is the tens digit of 5248?
4
What is the units digit of 22710?
0
What is the units digit of 44495?
5
What is the thousands digit of 2835?
2
What is the hundred thousands digit of 118528?
1
What is the units digit of 88064?
4
What is the units digit of 8338?
8
What is the tens digit of 54786?
8
What is the tens digit of 218?
1
What is the units digit of 8819?
9
What is the tens digit of 918?
1
What is the thousands digit of 19820?
9
What is the tens digit of 41528?
2
What is the tens digit of 747?
4
What is the tens digit of 911?
1
What is the hundreds digit of 158?
1
What is the ten thousands digit of 13964?
1
What is the tens digit of 2152?
5
What is the thousands digit of 1044?
1
What is the ten thousands digit of 82707?
8
What is the tens digit of 86650?
5
What is the tens digit of 5685?
8
What is the tens digit of 9350?
5
What is the units digit of 40815?
5
What is the units digit of 866?
6
What is the hundreds digit of 11655?
6
What is the thousands digit of 79610?
9
What is the units digit of 294?
4
What is the units digit of 18758?
8
What is the tens digit of 3718?
1
What is the ten thousands digit of 32282?
3
What is the hundreds digit of 69338?
3
What is the units digit of 2140?
0
What is the units digit of 5602?
2
What is the hundreds digit of 14022?
0
What is the tens digit of 3384?
8
What is the thousands digit of 3557?
3
What is the thousands digit of 8726?
8
What is the thousands digit of 52709?
2
What is the tens digit of 7991?
9
What is the tens digit of 9201?
0
What is the hundreds digit of 60165?
1
What is the thousands digit of 1188?
1
What is the thousands digit of 11436?
1
What is the units digit of 6605?
5
What is the units digit of 336?
6
What is the hundreds digit of 4569?
5
What is the tens digit of 9723?
2
What is the units digit of 16400?
0
What is the ten thousands digit of 54615?
5
What is the ten thousands digit of 22305?
2
What is the ten thousands digit of 12738?
1
What is the tens digit of 95425?
2
What is the hundreds digit of 307?
3
What is the tens digit of 67202?
0
What is the units digit of 33728?
8
What is the units digit of 1782?
2
What is the tens digit of 16608?
0
What is the tens digit of 11074?
7
What is the units digit of 1432?
2
What is the tens digit of 280?
8
What is the tens digit of 2734?
3
What is the units digit of 7538?
8
What is the units digit of 13529?
9
What is the hundreds digit of 541?
5
What is the units digit of 841?
1
What is the hundreds digit of 6973?
9
What is the ten thousands digit of 48142?
4
What is the thousands digit of 4020?
4
What is the units digit of 97786?
6
What is the thousands digit of 2034?
2
What is the hundreds digit of 368?
3
What is the thousands digit of 6056?
6
What is the units digit of 955?
5
What is the thousands digit of 6041?
6
What is the thousands digit of 90182?
0
What is the tens digit of 521?
2
What is the units digit of 20534?
4
What is the tens digit of 552?
5
What is the units digit of 1208?
8
What is the units digit of 112?
2
What is the thousands digit of 9019?
9
What is the hundreds digit of 6468?
4
What is the tens digit of 597?
9
What is the hundreds digit of 1442?
4
What is the units digit of 1172?
2
What is the hundreds digit of 3577?
5
What is the tens digit of 432?
3
What is the hundreds digit of 92959?
9
What is the tens digit of 968?
6
What is the units digit of 62?
2
What is the tens digit of 7311?
1
What is the thousands digit of 2669?
2
What is the hundreds digit of 962?
9
What is the hundreds digit of 994?
9
What is the ten thousands digit of 23706?
2
What is the tens digit of 43528?
2
What is the tens digit of 335?
3
What is the thousands digit of 15466?
5
What is the ten thousands digit of 12153?
1
What is the hundreds digit of 136?
1
What is the thousands digit of 28344?
8
What is the ten thousands digit of 16196?
1
What is the thousands digit of 124021?
4
What is the hundreds digit of 3544?
5
What is the units digit of 1451?
1
What is the thousands digit of 32186?
2
What is the units digit of 1080?
0
What is the hundreds digit of 8150?
1
What is the tens digit of 1398?
9
What is the units digit of 785?
5
What is the tens digit of 2562?
